{"id":2070,"date":"2014-02-11T19:07:31","date_gmt":"2014-02-11T18:07:31","guid":{"rendered":"http:\/\/haritzalde.factorideas.com\/agua-rios-y-pueblos\/"},"modified":"2017-02-27T08:40:31","modified_gmt":"2017-02-27T07:40:31","slug":"agua-rios-y-pueblos","status":"publish","type":"page","link":"https:\/\/www.haritzalde.org\/es\/agua-rios-y-pueblos\/","title":{"rendered":"Agua, r\u00edos y pueblos"},"content":{"rendered":"<p>Esta exposici\u00f3n ofrece el perfil humano de los conflictos y de las luchas del agua. A trav\u00e9s<br \/>\nde fotograf\u00edas y testimonios directos, los afectados dejan de ser una fr\u00eda estad\u00edstica para<br \/>\ncomunicarnos en directo sus angustias, razones y esperanzas.<\/p>\n<p>Mas informaci\u00f3n: <a href=\"http:\/\/www.aguariosypueblos.org\" target=\"_blank\">web exposici\u00f3n<\/a>, <a href=\"http:\/\/www.aguariosypueblos.org\/papeldeaguas\/\" target=\"_blank\">blog<\/a>\u00a0y<a href=\"http:\/\/www.haritzalde.org\/wp-content\/uploads\/Folleto-aguas-rios-pueblos-eus-cast1.pdf\" target=\"_blank\"> folleto (exposici\u00f3n y mesas redondas)<\/a>. Programaci\u00f3n: <a href=\"http:\/\/www.haritzalde.org\/wp-content\/uploads\/Agenda-Ciudadana-cast-2014-04-02.pdf\" target=\"_blank\">agenda ciudadana<\/a>. Lugar: <a href=\"http:\/\/www.santelmomuseoa.com\/index.php?option=com_flexicontent&amp;view=items&amp;cid=33&amp;id=8406&amp;Itemid=195&amp;lang=es\" target=\"_blank\">Museo San Telmo (STM)<\/a>.<\/p>\n<p><object width=\"600\" height=\"400\" classid=\"clsid:d27cdb6e-ae6d-11cf-96b8-444553540000\" codebase=\"http:\/\/download.macromedia.com\/pub\/shockwave\/cabs\/flash\/swflash.cab#version=6,0,40,0\"><param name=\"src\" value=\"https:\/\/photos.gstatic.com\/media\/slideshow.swf\" \/><param name=\"flashvars\" value=\"host=picasaweb.google.com&amp;captions=1&amp;hl=es&amp;feat=flashalbum&amp;RGB=0x000000&amp;feed=https%3A%2F%2Fpicasaweb.google.com%2Fdata%2Ffeed%2Fapi%2Fuser%2F103320098414251440967%2Falbumid%2F5992633549898970689%3Falt%3Drss%26kind%3Dphoto%26hl%3Des\" \/><param name=\"pluginspage\" value=\"http:\/\/www.macromedia.com\/go\/getflashplayer\" \/><embed width=\"600\" height=\"400\" type=\"application\/x-shockwave-flash\" src=\"https:\/\/photos.gstatic.com\/media\/slideshow.swf\" flashvars=\"host=picasaweb.google.com&amp;captions=1&amp;hl=es&amp;feat=flashalbum&amp;RGB=0x000000&amp;feed=https%3A%2F%2Fpicasaweb.google.com%2Fdata%2Ffeed%2Fapi%2Fuser%2F103320098414251440967%2Falbumid%2F5992633549898970689%3Falt%3Drss%26kind%3Dphoto%26hl%3Des\" pluginspage=\"http:\/\/www.macromedia.com\/go\/getflashplayer\" \/><\/object><br \/>\nRueda de prensa realizada el 18 de marzo en el STM. Fotograf\u00edas: Lolo Vasco.<\/p>\n","protected":false},"excerpt":{"rendered":"<p>Esta exposici\u00f3n ofrece el perfil humano de los conflictos y de las luchas del agua. A trav\u00e9s de fotograf\u00edas y testimonios directos, los afectados dejan de ser una fr\u00eda estad\u00edstica para comunicarnos en directo sus angustias, razones y esperanzas. Mas informaci\u00f3n: web exposici\u00f3n, blog\u00a0y folleto (exposici\u00f3n y mesas redondas). Programaci\u00f3n: agenda ciudadana. Lugar: Museo San [&hellip;]<\/p>\n","protected":false},"author":10,"featured_media":0,"parent":0,"menu_order":0,"comment_status":"open","ping_status":"closed","template":"","meta":[],"_links":{"self":[{"href":"https:\/\/www.haritzalde.org\/es\/wp-json\/wp\/v2\/pages\/2070\/"}],"collection":[{"href":"https:\/\/www.haritzalde.org\/es\/wp-json\/wp\/v2\/pages\/"}],"about":[{"href":"https:\/\/www.haritzalde.org\/es\/wp-json\/wp\/v2\/types\/page\/"}],"author":[{"embeddable":true,"href":"https:\/\/www.haritzalde.org\/es\/wp-json\/wp\/v2\/users\/10\/"}],"replies":[{"embeddable":true,"href":"https:\/\/www.haritzalde.org\/es\/wp-json\/wp\/v2\/comments\/?post=2070"}],"version-history":[{"count":1,"href":"https:\/\/www.haritzalde.org\/es\/wp-json\/wp\/v2\/pages\/2070\/revisions\/"}],"predecessor-version":[{"id":4574,"href":"https:\/\/www.haritzalde.org\/es\/wp-json\/wp\/v2\/pages\/2070\/revisions\/4574\/"}],"wp:attachment":[{"href":"https:\/\/www.haritzalde.org\/es\/wp-json\/wp\/v2\/media\/?parent=2070"}],"curies":[{"name":"wp","href":"https:\/\/api.w.org\/{rel}","templated":true}]}}

Agua, ríos y pueblos

<p>Esta exposición ofrece el perfil humano de los conflictos y de las luchas del agua. A través<br />
de fotografías y testimonios directos, los afectados dejan de ser una fría estadística para<br />
comunicarnos en directo sus angustias, razones y esperanzas.</p>
<p>Mas información: <a href="http://www.aguariosypueblos.org" target="_blank">web exposición</a>, <a href="http://www.aguariosypueblos.org/papeldeaguas/" target="_blank">blog</a> y<a href="http://www.haritzalde.org/wp-content/uploads/Folleto-aguas-rios-pueblos-eus-cast1.pdf" target="_blank"> folleto (exposición y mesas redondas)</a>. Programación: <a href="http://www.haritzalde.org/wp-content/uploads/Agenda-Ciudadana-cast-2014-04-02.pdf" target="_blank">agenda ciudadana</a>. Lugar: <a href="http://www.santelmomuseoa.com/index.php?option=com_flexicontent&amp;view=items&amp;cid=33&amp;id=8406&amp;Itemid=195&amp;lang=es" target="_blank">Museo San Telmo (STM)</a>.</p>
<p><object width="600" height="400" classid="clsid:d27cdb6e-ae6d-11cf-96b8-444553540000" codebase="http://download.macromedia.com/pub/shockwave/cabs/flash/swflash.cab#version=6,0,40,0"><param name="src" value="https://photos.gstatic.com/media/slideshow.swf" /><param name="flashvars" value="host=picasaweb.google.com&amp;captions=1&amp;hl=es&amp;feat=flashalbum&amp;RGB=0x000000&amp;feed=https%3A%2F%2Fpicasaweb.google.com%2Fdata%2Ffeed%2Fapi%2Fuser%2F103320098414251440967%2Falbumid%2F5992633549898970689%3Falt%3Drss%26kind%3Dphoto%26hl%3Des" /><param name="pluginspage" value="http://www.macromedia.com/go/getflashplayer" /><embed width="600" height="400" type="application/x-shockwave-flash" src="https://photos.gstatic.com/media/slideshow.swf" flashvars="host=picasaweb.google.com&amp;captions=1&amp;hl=es&amp;feat=flashalbum&amp;RGB=0x000000&amp;feed=https%3A%2F%2Fpicasaweb.google.com%2Fdata%2Ffeed%2Fapi%2Fuser%2F103320098414251440967%2Falbumid%2F5992633549898970689%3Falt%3Drss%26kind%3Dphoto%26hl%3Des" pluginspage="http://www.macromedia.com/go/getflashplayer" /></object><br />
Rueda de prensa realizada el 18 de marzo en el STM. Fotografías: Lolo Vasco.</p>

<p>Esta exposición ofrece el perfil humano de los conflictos y de las luchas del agua. A través de fotografías y testimonios directos, los afectados dejan de ser una fría estadística para comunicarnos en directo sus angustias, razones y esperanzas. Mas información: web exposición, blog y folleto (exposición y mesas redondas). Programación: agenda ciudadana. Lugar: Museo San [&hellip;]</p>
